599
What are the prime factors of 328?
2, 41
List the prime factors of 25081.
7, 3583
What are the prime factors of 15274?
2, 7, 1091
List the prime factors of 29600.
2, 5, 37
List the prime factors of 1896.
2, 3, 79
What are the prime factors of 45?
3, 5
What are the prime factors of 322?
2, 7, 23
What are the prime factors of 2410?
2, 5, 241
List the prime factors of 1174.
2, 587
List the prime factors of 1110.
2, 3, 5, 37
List the prime factors of 3226.
2, 1613
What are the prime factors of 2357?
2357
List the prime factors of 3144.
2, 3, 131
What are the prime factors of 860?
2, 5, 43
What are the prime factors of 214955?
5, 13, 3307
What are the prime factors of 9129?
3, 17, 179
What are the prime factors of 753?
3, 251
What are the prime factors of 1563?
3, 521
List the prime factors of 1035.
3, 5, 23
List the prime factors of 1621.
1621
What are the prime factors of 7906?
2, 59, 67
List the prime factors of 5311.
47, 113
What are the prime factors of 3393?
3, 13, 29
What are the prime factors of 3187?
3187
List the prime factors of 1670.
2, 5, 167
List the prime factors of 4825.
5, 193
List the prime factors of 50.
2, 5
What are the prime factors of 50?
2, 5
What are the prime factors of 827?
827
What are the prime factors of 1520?
2, 5, 19
What are the prime factors of 18414?
2, 3, 11, 31
List the prime factors of 14235.
3, 5, 13, 73
What are the prime factors of 1958?
2, 11, 89
List the prime factors of 153274.
2, 11, 6967
List the prime factors of 10133.
10133
List the prime factors of 26223.
3, 8741
List the prime factors of 69580.
2, 5, 7, 71
List the prime factors of 33938.
2, 71, 239
List the prime factors of 8451.
3, 313
What are the prime factors of 25045?
5, 5009
What are the prime factors of 832?
2, 13
What are the prime factors of 430?
2, 5, 43
List the prime factors of 187.
11, 17
What are the prime factors of 341?
11, 31
List the prime factors of 1556.
2, 389
List the prime factors of 145888.
2, 47, 97
List the prime factors of 5499.
3, 13, 47
What are the prime factors of 2092?
2, 523
List the prime factors of 5225.
5, 11, 19
List the prime factors of 16140.
2, 3, 5, 269
What are the prime factors of 815?
5, 163
List the prime factors of 140954.
2, 11, 43, 149
What are the prime factors of 2762?
2, 1381
What are the prime factors of 1495?
5, 13, 23
What are the prime factors of 30023?
7, 4289
What are the prime factors of 5525?
5, 13, 17
List the prime factors of 1172.
2, 293
List the prime factors of 3865.
5, 773
List the prime factors of 600.
2, 3, 5
What are the prime factors of 18747?
3, 2083
What are the prime factors of 2445?
3, 5, 163
What are the prime factors of 2913?
3, 971
What are the prime factors of 34387?
137, 251
List the prime factors of 59346.
2, 3, 7, 157
List the prime factors of 126637.
7, 79, 229
What are the prime factors of 247?
13, 19
What are the prime factors of 5537?
7, 113
List the prime factors of 62050.
2, 5, 17, 73
What are the prime factors of 71970?
2, 3, 5, 2399
What are the prime factors of 49185?
3, 5, 1093
What are the prime factors of 5656?
2, 7, 101
List the prime factors of 8579.
23, 373
List the prime factors of 1911.
3, 7, 13
What are the prime factors of 32259?
3, 10753
List the prime factors of 3404.
2, 23, 37
What are the prime factors of 2476?
2, 619
What are the prime factors of 15932?
2, 7, 569
What are the prime factors of 28658?
2, 7, 23, 89
List the prime factors of 2806.
2, 23, 61
List the prime factors of 3655.
5, 17, 43
List the prime factors of 7585.
5, 37, 41
What are the prime factors of 3467?
3467
What are the prime factors of 27119?
47, 577
List the prime factors of 1225.
5, 7
What are the prime factors of 185?
5, 37
What are the prime factors of 2699?
2699
What are the prime factors of 11501?
7, 31, 53
What are the prime factors of 1847?
1847
List the prime factors of 520.
2, 5, 13
List the prime factors of 4504.
2, 563
What are the prime factors of 30853?
30853
What are the prime factors of 30827?
29, 1063
What are the prime factors of 52682?
2, 7, 53, 71
What are the prime factors of 49009?
49009
List the prime factors of 6050.
2, 5, 11
What are the prime factors of 10282?
2, 53, 97
List the prime factors of 3870.
2, 3, 5, 43
What are the prime factors of 43171?
23, 1877
List the prime factors of 32906.
2, 16453
List the prime factors of 2322.
2, 3, 43
What are the prime factors of 47306?
2, 7, 31, 109
What are the prime factors of 43856?
2, 2741
What are the prime factors of 7414?
2, 11, 337
List the prime factors of 5398.
2, 2699
List the prime factors of 3427.
23, 149
What are the prime factors of 5496?
2, 3, 229
List the prime factors of 35405.
5, 73, 97
What are the prime factors of 4017?
3, 13, 103
List the prime factors of 1114.
2, 557
What are the prime factors of 105?
3, 5, 7
List the prime factors of 383.
383
List the prime factors of 3242.
2, 1621
List the prime factors of 952.
2, 7, 17
What are the prime factors of 4714?
2, 2357
List the prime factors of 1125.
3, 5
What are the prime factors of 3971?
11, 19
What are the prime factors of 1379?
7, 197
List the prime factors of 13364.
2, 13, 257
List the prime factors of 38313.
3, 11, 43
What are the prime factors of 37634?
2, 31, 607
What are the prime factors of 2408?
2, 7, 43
What are the prime factors of 65518?
2, 17, 41, 47
List the prime factors of 15343.
67, 229
List the prime factors of 13621.
53, 257
List the prime factors of 49002.
2, 3, 8167
List the prime factors of 15198.
2, 3, 17, 149
What are the prime factors of 12723?
3, 4241
List the prime factors of 48084.
2, 3, 4007
List the prime factors of 7748.
2, 13, 149
What are the prime factors of 6937?
7, 991
What are the prime factors of 4605?
3, 5, 307
What are the prime factors of 506?
2, 11, 23
List the prime factors of 243.
3
List the prime factors of 692.
2, 173
What are the prime factors of 11023?
73, 151
What are the prime factors of 1605?
3, 5, 107
What are the prime factors of 7294?
2, 7, 521
List the prime factors of 162.
2, 3
List the prime factors of 541.
541
What are the prime factors of 21941?
37, 593
List the prime factors of 56901.
3, 13, 1459
What are the prime factors of 52540?
2, 5, 37, 71
List the prime factors of 1059.
3, 353
List the prime factors of 39083.
11, 17, 19
List the prime factors of 4015.
5, 11, 73
What are the prime factors of 12510?
2, 3, 5, 139
What are the prime factors of 976?
2, 61
What are the prime factors of 7360?
2, 5, 23
List the prime factors of 103818.
2, 3, 11, 13
List the prime factors of 674.
2, 337
What are the prime factors of 7942?
2, 11, 19
What are the prime factors of 3970?
2, 5, 397
What are the prime factors of 15065?
5, 23, 131
List the prime factors of 819.
3, 7, 13
List the prime factors of 1630.
2, 5, 163
List the prime factors of 63425.
5, 43, 59
What are the prime factors of 912?
2, 3, 19
What are the prime factors of 1933?
1933
What are the prime factors of 9841?
13, 757
List the prime factors of 34895.
5, 7, 997
What are the prime factors of 4038?
2, 3, 673
List the prime factors of 103352.
2, 12919
List the prime factors of 282.
2, 3, 47
What are the prime factors of 6688?
2, 11, 19
What are the prime factors of 9353?
47, 199
List the prime factors of 400.
2, 5
List the prime factors of 4348.
2, 1087
What are the prime factors of 2105?
5, 421
List the prime factors of 6817.
17, 401
List the prime factors of 878.
2, 439
What are the prime factors of 564?
2, 3, 47
List the prime factors of 1142.
2, 571
What are the prime factors of 36220?
2, 5, 1811
What are the prime factors of 2772?
2, 3, 7, 11
List the prime factors of 76999.
13, 5923
List the prime factors of 2458.
2, 1229
What are the prime factors of 10563?
3, 7, 503
List the prime factors of 38071.
11, 3461
What are the prime factors of 31353?
3, 7, 1493
What are the prime factors of 25316?
2, 6329
List the prime factors of 4499.
11, 409
List the prime factors of 6857.
6857
List the prime factors of 1132.
2, 283
List the prime factors of 1529.
11, 139
List the prime factors of 56.
2, 7
What are the prime factors of 1876?
2, 7, 67
List the prime factors of 12983.
12983
What are the prime factors of 1813?
7, 37
List the prime factors of 855.
3, 5, 19
What are the prime factors of 12284?
2, 37, 83
List the prime facto